culate the highest common factor of 224 and 7832272.
112
What is the greatest common divisor of 15670 and 6028249?
1567
What is the greatest common factor of 4638787 and 996?
83
What is the greatest common divisor of 77963 and 3914331?
1471
Calculate the highest common divisor of 3159689 and 2483.
13
Calculate the highest common divisor of 358 and 5738561.
179
What is the greatest common factor of 4415 and 1712137?
883
What is the highest common divisor of 24 and 26646132?
12
Calculate the greatest common divisor of 1375 and 13999975.
275
Calculate the highest common divisor of 888 and 1935048.
24
What is the greatest common factor of 64370 and 490360?
410
Calculate the greatest common factor of 4748946 and 11732.
838
What is the greatest common factor of 235031459 and 13?
13
Calculate the highest common divisor of 30 and 17580162.
6
Calculate the highest common divisor of 72110441 and 145340.
7267
Calculate the highest common factor of 2040 and 5183980.
340
Calculate the greatest common factor of 12 and 15232232.
4
What is the greatest common factor of 7433 and 4391126513?
7433
Calculate the highest common divisor of 3076 and 665920.
4
Calculate the greatest common factor of 964 and 5640846.
482
Calculate the greatest common factor of 39126278 and 1364.
62
Calculate the highest common divisor of 76432131 and 144.
9
What is the greatest common factor of 30979 and 2576023?
2383
What is the greatest common factor of 256368 and 632527?
763
What is the highest common divisor of 178 and 2224719027?
89
What is the highest common divisor of 336 and 4296236?
28
What is the highest common divisor of 51094 and 14?
2
Calculate the greatest common factor of 282 and 43147551.
141
Calculate the highest common factor of 25223168 and 29952.
256
What is the greatest common divisor of 56854457 and 781?
781
What is the greatest common divisor of 70 and 1082242?
14
Calculate the greatest common factor of 925 and 593332.
37
What is the highest common factor of 834 and 18154?
2
What is the greatest common divisor of 1136115 and 435?
15
What is the greatest common factor of 30120 and 2826260?
5020
What is the greatest common divisor of 43409672 and 32?
8
Calculate the greatest common divisor of 41602206 and 6.
6
What is the highest common divisor of 6083 and 85632050?
553
Calculate the highest common factor of 20087351 and 411.
137
Calculate the highest common divisor of 1840340 and 11907110.
5510
Calculate the greatest common factor of 385 and 99505.
35
What is the greatest common factor of 132 and 7888092?
12
What is the greatest common divisor of 1239372 and 270?
18
What is the greatest common factor of 871 and 669721?
13
What is the highest common divisor of 1564 and 1005584?
68
Calculate the highest common divisor of 68125 and 6016800.
2725
Calculate the highest common factor of 16 and 53522704.
16
Calculate the greatest common divisor of 43741857 and 2382.
1191
Calculate the greatest common divisor of 771 and 6760385.
257
Calculate the greatest common factor of 1162675 and 1525.
25
Calculate the highest common divisor of 404 and 49521916.
404
What is the greatest common factor of 54948 and 53485?
19
What is the greatest common divisor of 587383 and 47783?
71
What is the highest common divisor of 550 and 1485850?
50
Calculate the greatest common divisor of 10737555 and 23160.
2895
What is the greatest common divisor of 2541426 and 26322?
246
What is the highest common factor of 65119345 and 446?
223
Calculate the highest common factor of 6297198 and 678.
6
Calculate the highest common divisor of 154 and 1365686.
14
What is the greatest common divisor of 1280 and 49379100?
20
What is the highest common divisor of 3288 and 4822674?
822
Calculate the highest common divisor of 82149535 and 7316.
1829
Calculate the greatest common divisor of 255 and 312890253.
51
What is the greatest common factor of 28 and 81589240?
4
Calculate the greatest common factor of 704 and 8957696.
704
What is the highest common divisor of 1947 and 12810611?
649
What is the highest common divisor of 664336 and 29?
1
Calculate the highest common divisor of 418102 and 110216.
1198
What is the greatest common factor of 9275302 and 2?
2
What is the highest common factor of 2626 and 314256046?
2626
What is the greatest common divisor of 4440625 and 116?
29
Calculate the greatest common factor of 331114 and 160867.
469
What is the greatest common divisor of 161770 and 840?
70
Calculate the highest common factor of 65457 and 112203.
63
What is the highest common divisor of 13364 and 469282?
514
Calculate the greatest common factor of 748946 and 277772.
1298
Calculate the greatest common divisor of 566742 and 961.
31
What is the greatest common divisor of 183040384 and 48?
16
What is the greatest common divisor of 26385 and 1994910?
15
What is the greatest common divisor of 11621080 and 2760?
40
What is the greatest common divisor of 86362287 and 18384?
1149
Calculate the highest common divisor of 3690 and 317701005.
615
Calculate the highest common divisor of 4430 and 2350.
10
Calculate the highest common factor of 12650 and 70329170.
230
What is the greatest common factor of 6 and 39965124?
6
What is the greatest common divisor of 5157558 and 252?
126
Calculate the greatest common divisor of 3706486230 and 4020.
2010
Calculate the greatest common factor of 11481 and 24897.
129
Calculate the highest common divisor of 391 and 128197.
17
Calculate the greatest common divisor of 162340799 and 67.
67
Calculate the highest common divisor of 47987108 and 23.
23
Calculate the greatest common divisor of 16045981 and 14.
7
What is the highest common divisor of 1134 and 178661376?
162
Calculate the highest common factor of 817 and 776701.
19
What is the highest common factor of 76636938 and 42?
42
Calculate the highest common factor of 20664 and 380421944.
2296
Calculate the greatest common factor of 1023398 and 873528.
4282
Calculate the highest common factor of 84 and 37635276.
84
Calculate the greatest common divisor of 591 and 102843456.
591
What is the highest common factor of 2508 and 11639364?
132
What is the highest common divisor of 25756 and 2015548?
188
What is the greatest common divisor of 200 and 4698790?
10
What is the highest common divisor of 1 and 14348170?
1
What is the highest common divisor of 166039089 and 159?
159
Calculate the highest common divisor of 5778 and 57371046.
642
Calculate the greatest common divisor of 508644 and 1233.
9
What is the greatest common factor of 3245 and 10835704?
649
Calculate the greatest common divisor of 135 and 316983429.
27
What is the highest common divisor of 27118368 and 1728?
864
What is the greatest common divisor of 195 and 7245030?
195
Calculate the highest common divisor of 170906571 and 3267.
3267
What is the highest common divisor of 5059404 and 189?
63
What is the greatest common divisor of 1172 and 940823?
293
What is the highest common factor of 28707 and 542493?
21
What is the greatest common divisor of 7402 and 677619791?
3701
What is the highest common divisor of 80937 and 50439?
1173
What is the highest common factor of 143362 and 58050?
86
Calculate the greatest common factor of 616 and 3220096.
88
Calculate the greatest common divisor of 7231528 and 799.
17
Calculate the highest common factor of 2983372 and 1316.
1316
Calculate the highest common divisor of 50950 and 8582018.
2038
Calculate the highest common divisor of 1725168 and 1524.
1524
What is the highest common factor of 23065471 and 286?
143
Calculate the greatest common divisor of 350 and 90860.
70
What is the greatest common factor of 397257822 and 2064?
258
Calculate the greatest common factor of 39158 and 959.
7
Calculate the highest common factor of 891321 and 26268.
597
What is the greatest common divisor of 407 and 8679682?
407
What is the highest common divisor of 3532685 and 351?
13
Calculate the greatest common factor of 99832 and 9448.
8
Calculate the highest common divisor of 4229640 and 26040.
3720
Calculate the greatest common factor of 80135 and 2845.
5
What is the greatest common factor of 45325287 and 6499?
97
What is the greatest common divisor of 663954892 and 46?
46
What is the greatest common factor of 207617 and 328138?
191
Calculate the greatest 